e remainder when 185124 is divided by 371?
366
What is the remainder when 83616 is divided by 2696?
40
What is the remainder when 84835 is divided by 101?
96
What is the remainder when 4532 is divided by 200?
132
Calculate the remainder when 8366 is divided by 106.
98
What is the remainder when 56337 is divided by 35?
22
Calculate the remainder when 542895 is divided by 211.
203
Calculate the remainder when 187572 is divided by 192.
180
Calculate the remainder when 2059 is divided by 65.
44
Calculate the remainder when 3623 is divided by 829.
307
Calculate the remainder when 4847 is divided by 102.
53
What is the remainder when 66542 is divided by 297?
14
Calculate the remainder when 25932 is divided by 15.
12
What is the remainder when 1087 is divided by 504?
79
What is the remainder when 5243 is divided by 42?
35
What is the remainder when 2452 is divided by 183?
73
What is the remainder when 106946 is divided by 311?
273
What is the remainder when 3694 is divided by 4?
2
Calculate the remainder when 548 is divided by 110.
108
Calculate the remainder when 17501 is divided by 72.
5
What is the remainder when 4157 is divided by 2039?
79
What is the remainder when 10261 is divided by 177?
172
What is the remainder when 74290 is divided by 5?
0
Calculate the remainder when 31028 is divided by 269.
93
Calculate the remainder when 1254006 is divided by 49.
47
What is the remainder when 170055 is divided by 17003?
25
Calculate the remainder when 3953 is divided by 25.
3
Calculate the remainder when 102714 is divided by 31.
11
What is the remainder when 1209 is divided by 29?
20
What is the remainder when 78126 is divided by 66?
48
Calculate the remainder when 7722 is divided by 287.
260
What is the remainder when 165738 is divided by 75?
63
What is the remainder when 5400878 is divided by 31?
27
Calculate the remainder when 27773 is divided by 32.
29
Calculate the remainder when 5263 is divided by 10.
3
Calculate the remainder when 423692 is divided by 839.
836
Calculate the remainder when 39214 is divided by 123.
100
Calculate the remainder when 2491924 is divided by 114.
112
What is the remainder when 5396 is divided by 1781?
53
Calculate the remainder when 25648 is divided by 50.
48
Calculate the remainder when 40842 is divided by 44.
10
What is the remainder when 4894 is divided by 32?
30
What is the remainder when 204218 is divided by 68055?
53
What is the remainder when 1039 is divided by 725?
314
Calculate the remainder when 1328 is divided by 52.
28
What is the remainder when 2821173 is divided by 175?
173
What is the remainder when 34891 is divided by 22?
21
What is the remainder when 15919 is divided by 326?
271
What is the remainder when 4351 is divided by 4341?
10
What is the remainder when 39053 is divided by 46?
45
Calculate the remainder when 3339 is divided by 335.
324
What is the remainder when 18554 is divided by 241?
238
What is the remainder when 176528 is divided by 564?
560
Calculate the remainder when 23531 is divided by 206.
47
What is the remainder when 34467 is divided by 59?
11
What is the remainder when 2476 is divided by 73?
67
What is the remainder when 79136 is divided by 20?
16
What is the remainder when 715 is divided by 214?
73
Calculate the remainder when 232122 is divided by 667.
6
What is the remainder when 25233 is divided by 304?
1
Calculate the remainder when 12031 is divided by 18.
7
Calculate the remainder when 408937 is divided by 919.
901
Calculate the remainder when 195798 is divided by 200.
198
What is the remainder when 7963 is divided by 988?
59
Calculate the remainder when 111306 is divided by 27823.
14
What is the remainder when 377762 is divided by 1002?
8
What is the remainder when 1672 is divided by 265?
82
Calculate the remainder when 31637 is divided by 226.
223
What is the remainder when 11415 is divided by 633?
21
What is the remainder when 21545 is divided by 30?
5
What is the remainder when 36359 is divided by 12105?
44
Calculate the remainder when 23157 is divided by 10.
7
What is the remainder when 9222 is divided by 177?
18
Calculate the remainder when 4421 is divided by 11.
10
Calculate the remainder when 278333 is divided by 14.
13
Calculate the remainder when 876285 is divided by 1956.
1953
Calculate the remainder when 1017 is divided by 64.
57
Calculate the remainder when 7556 is divided by 1047.
227
What is the remainder when 86494 is divided by 237?
226
Calculate the remainder when 6329 is divided by 24.
17
Calculate the remainder when 12347 is divided by 528.
203
Calculate the remainder when 1556 is divided by 16.
4
What is the remainder when 1651 is divided by 29?
27
What is the remainder when 317577 is divided by 395?
392
Calculate the remainder when 12105 is divided by 12074.
31
What is the remainder when 26590 is divided by 113?
35
What is the remainder when 105550 is divided by 5?
0
Calculate the remainder when 91256 is divided by 12.
8
Calculate the remainder when 15676 is divided by 412.
20
Calculate the remainder when 150969 is divided by 11.
5
Calculate the remainder when 15109 is divided by 7401.
307
Calculate the remainder when 39007 is divided by 2432.
95
Calculate the remainder when 12784 is divided by 2126.
28
Calculate the remainder when 32077 is divided by 373.
372
What is the remainder when 278521 is divided by 68?
61
What is the remainder when 1091831 is divided by 1608?
1607
Calculate the remainder when 8447 is divided by 44.
43
What is the remainder when 2605790 is divided by 56?
54
Calculate the remainder when 123621 is divided by 203.
197
Calculate the remainder when 4652959 is divided by 26.
25
Calculate the remainder when 202407 is divided by 59.
37
Calculate the remainder when 28199 is divided by 28184.
15
Calculate the remainder when 1534 is divided by 915.
619
What is the remainder when 19376 is divided by 9?
8
What is the remainder when 852 is divided by 135?
42
Calculate the remainder when 1247 is divided by 326.
269
Calculate the remainder when 299 is divided by 115.
69
Calculate the remainder when 22969 is divided by 22909.
60
Calculate the remainder when 23353 is divided by 209.
154
What is the remainder when 746031 is divided by 60?
51
What is the remainder when 5847 is divided by 61?
52
What is the remainder when 8260 is divided by 1651?
5
What is the remainder when 1510 is divided by 509?
492
Calculate the remainder when 1811942 is divided by 50.
42
What is the remainder when 2364 is divided by 448?
124
What is the remainder when 99563 is divided by 1842?
95
What is the remainder when 17525 is divided by 381?
380
What is the remainder when 2783 is divided by 40?
23
Calculate the remainder when 702939 is divided by 797.
782
What is the remainder when 98869 is divided by 5?
4
Calculate the remainder when 2715 is divided by 85.
80
What is the remainder when 2144 is divided by 74?
72
Calculate the remainder when 1013 is divided by 597.
416
Calculate the remainder when 1738 is divided by 800.
138
What is the remainder when 581 is divided by 125?
81
What is the remainder when 26127 is divided by 5090?
677
Calculate the remainder when 9731 is divided by 231.
29
What is the remainder when 61728 is divided by 439?
268
Calculate the remainder when 416 is divided by 368.
48
Calculate the remainder when 17282 is divided by 133.
125
What is the remainder when 6916 is divided by 145?
101
What is the remainder when 1165 is divided by 392?
381
What is the remainder when 13405 is divided by 406?
7
What is the remainder when 50368 is divided by 25?
18
What is the remainder when 810 is divided by 262?
24
What is the remainder when 477408 is divided by 407?
404
What is the remainder when 8357 is divided by 4165?
27
What is the remainder when 2152 is divided by 309?
298
Calculate the remainder when 777596 is divided by 100.
96
Calculate the remainder when 106405 is divided by 1744.
21
Calculate the remainder when 35252 is divided by 243.
17
Calculate the remainder when 33838 is divided by 3369.
148
What is the remainder when 7463039 is divided by 104?
103
What is the remainder when 1429 is divided by 26?
25
What is the remainder when 70414 is divided by 144?
142
What is the remainder when 169455 is divided by 9414?
3
What is the remainder when 37295 is divided b